ltiple of 18?
True
Is 276939 a multiple of 14?
False
Is 72865 a multiple of 9?
False
Does 2 divide 3608?
True
Is 419 a factor of 10393?
False
Is 12 a factor of 23755?
False
Does 3 divide 527823?
True
Is 431 a factor of 264999?
False
Is 267560 a multiple of 8?
True
Is 749742 a multiple of 14?
True
Does 18 divide 270558?
True
Is 1276647 a multiple of 26?
False
Does 16 divide 3384352?
True
Does 285 divide 1522023?
False
Is 19 a factor of 241700?
False
Does 6 divide 2377116?
True
Is 2031304 a multiple of 88?
True
Is 12 a factor of 362556?
True
Does 41 divide 1558458?
False
Does 3 divide 137189?
False
Is 233526 a multiple of 14?
False
Is 1005122 a multiple of 1198?
True
Is 29 a factor of 138736?
True
Is 622943 a multiple of 14?
False
Is 21301140 a multiple of 30?
True
Is 12 a factor of 5834624?
False
Is 61 a factor of 258471?
False
Is 38 a factor of 4134243?
False
Is 9040592 a multiple of 62?
True
Is 102 a factor of 136911?
False
Does 30 divide 5679171?
False
Is 144193 a multiple of 7?
True
Does 1082 divide 16408530?
True
Does 1311 divide 12380029?
False
Is 111 a factor of 150128?
False
Is 6631076 a multiple of 4?
True
Does 35 divide 68565?
True
Is 251528 a multiple of 184?
True
Is 254355 a multiple of 117?
False
Is 109489 a multiple of 63?
False
Is 40773 a multiple of 47?
False
Does 66 divide 50921?
False
Is 542871 a multiple of 20?
False
Is 111 a factor of 1453956?
False
Does 876 divide 3746220?
False
Is 204 a factor of 106488?
True
Is 35412 a multiple of 4?
True
Does 30 divide 363525?
False
Does 85 divide 295505?
False
Does 13 divide 58214?
True
Does 90 divide 505558?
False
Is 28 a factor of 110887?
False
Is 53718 a multiple of 14?
True
Is 535665 a multiple of 195?
True
Does 120 divide 4409040?
True
Is 643186 a multiple of 9?
False
Is 1623230 a multiple of 70?
True
Is 91830 a multiple of 15?
True
Is 18628 a multiple of 14?
False
Is 377910 a multiple of 13?
True
Is 1229140 a multiple of 185?
True
Is 174 a factor of 438828?
True
Does 276 divide 674348?
False
Is 146 a factor of 232137?
False
Is 308745 even?
False
Is 142 a factor of 2212644?
True
Is 181594 a multiple of 49?
True
Is 5277781 a multiple of 31?
True
Is 5 a factor of 533097?
False
Is 25 a factor of 923290?
False
Is 1520 a factor of 24310476?
False
Does 28 divide 158396?
True
Is 8 a factor of 29134?
False
Is 4 a factor of 378400?
True
Is 6 a factor of 9652093?
False
Is 181 a factor of 7252489?
True
Is 154299 a multiple of 3?
True
Does 87 divide 118009?
False
Is 43 a factor of 104942?
False
Is 249587 a multiple of 25?
False
Does 34 divide 200820?
False
Does 5 divide 673626?
False
Does 19 divide 79567?
False
Is 4 a factor of 43844?
True
Is 101 a factor of 437835?
True
Is 9827 a multiple of 31?
True
Is 11746 a multiple of 6?
False
Does 44 divide 2613908?
True
Is 23492 a multiple of 3?
False
Does 1127 divide 606956?
False
Does 53 divide 515955?
True
Is 209220 a multiple of 317?
True
Is 113 a factor of 1701996?
False
Is 40 a factor of 59868?
False
Is 1114572 a multiple of 1172?
True
Is 3007866 a multiple of 982?
True
Is 41095 a multiple of 129?
False
Does 5 divide 96056?
False
Is 23 a factor of 994279?
False
Does 2 divide 631040?
True
Does 25 divide 240052?
False
Does 287 divide 1020078?
False
Is 32 a factor of 1259?
False
Is 4 a factor of 47653?
False
Is 168411 a multiple of 138?
False
Does 51 divide 327726?
True
Is 423 a factor of 1045216?
False
Does 2375 divide 7020500?
True
Is 9 a factor of 52443?
True
Is 6 a factor of 140487?
False
Does 118 divide 6045?
False
Is 83790 a multiple of 147?
True
Is 8824575 a multiple of 25?
True
Does 170 divide 158610?
True
Is 226633 a multiple of 8?
False
Is 13 a factor of 501894?
False
Is 1532250 a multiple of 45?
True
Is 736 a factor of 873632?
True
Does 47 divide 16967?
True
Does 4 divide 24196?
True
Does 73 divide 276277?
False
Is 6023655 a multiple of 11?
True
Is 7 a factor of 782071?
False
Is 3289818 a multiple of 609?
True
Is 1441979 a multiple of 125?
False
Is 3832802 a multiple of 21?
False
Does 3 divide 170730?
True
Is 127 a factor of 1133983?
True
Does 338 divide 307918?
True
Does 198 divide 628918?
False
Does 157 divide 660800?
False
Is 65 a factor of 70582?
False
Is 131308 a multiple of 17?
True
Does 25 divide 1620606?
False
Does 76 divide 640528?
True
Is 492089 a multiple of 6?
False
Is 14 a factor of 1205512?
True
Is 11111238 a multiple of 38?
True
Is 206 a factor of 76970?
False
Is 6981894 a multiple of 181?
True
Is 19983804 a multiple of 14?
False
Is 3508606 a multiple of 21?
False
Is 238063 a multiple of 23?
False
Does 75 divide 84890?
False
Is 12903938 a multiple of 617?
True
Is 151116 a multiple of 49?
True
Does 10 divide 284690?
True
Is 216 a factor of 1352412?
False
Is 113052 a multiple of 37?
False
Does 22 divide 1014794?
True
Does 13 divide 1550190?
False
Is 10079580 a multiple of 233?
True
Is 18 a factor of 2649273?
False
Is 58 a factor of 1321994?
True
Is 9549 a multiple of 33?
False
Is 46 a factor of 24956058?
True
Does 9 divide 316154?
False
Does 63 divide 265041?
True
Is 474887 a multiple of 7?
True
Is 287 a factor of 1659616?
False
Is 15 a factor of 69750?
True
Is 322 a factor of 1762833?
False
Does 2 divide 40834?
True
Does 3 divide 75845?
False
Is 800449 a multiple of 92?
False
Is 4156217 a multiple of 180?
False
Is 6 a factor of 1662192?
True
Is 126 a factor of 10300500?
True
Is 12 a factor of 184200?
True
Does 90 divide 2969616?
False
Is 1605340 a multiple of 22?
True
Does 327 divide 31979?
False
Is 612116 a multiple of 9?
False
Is 49613 a multiple of 2?
False
Does 17 divide 1987985?
False
Does 14 divide 95074?
True
Does 623 divide 9057174?
True
Is 67 a factor of 34414?
False
Is 23564 a multiple of 4?
True
Is 182406 a multiple of 303?
True
Does 215 divide 4984990?
True
Is 74376 a multiple of 2?
True
Does 11 divide 68584?
False
Does 7 divide 75184?
False
Is 10 a factor of 574040?
True
Is 40757 a multiple of 53?
True
Is 156086 a multiple of 5?
False
Does 1800 divide 1229400?
True
Does 42 divide 6426?
True
Is 150 a factor of 26767?
False
Is 16 a factor of 2986864?
True
Does 39 divide 31027?
False
Does 212 divide 1335916?
False
Does 20 divide 3306835?
False
Is 60 a factor of 206489?
False
Is 838 a factor of 1792482?
True
Is 4103533 a multiple of 59?
False
Is 111604 a multiple of 25?
False
Does 7 divide 49182?
True
Does 208 divide 1262868?
False
Does 5 divide 2407410?
True
Does 6 divide 645879?
False
Is 27 a factor of 1004661?
False
Does 6 divide 7161348?
True
Is 659808 a multiple of 36?
True
Does 428 divide 6157178?
False
Is 58 a factor of 790830?
True
Is 122692 a multiple of 8?
False
Does 3 divide 65200?
False
Is 4 a factor of 145796?
True
Is 173 a factor of 785530?
False
Is 532960 a multiple of 160?
True
Does 39 divide 618384?
True
Is 273 a factor of 53508?
True
Is 1239026 a multiple of 57?
False
Is 1692445 a multiple of 305?
True
Is 1316878 a multiple of 12?
False
Is 1763864 a multiple of 17?
False
Is 669 a factor of 605445?
True
Is 823962 a multiple of 89?
True
Is 603985 a multiple of 56?
False
Is 1253879 a multiple of 11?
True
Does 22 divide 487598?
False
Does 433 divide 210806?
False
Is 11195376 a multiple of 24?
True
Is 1703696 a multiple of 63?
False
Does 122 divide 1425448?
True
Does 3 divide 23237?
False
Is 206 a factor of 1358348?
False
Does 273 divide 213759?
True
Does 721 divide 689997?
True
Is 138600 a multiple of 60?
True
Is 1469 a factor of 30364126?
False
Does 665 divide 560795?
False
Is 170 a factor of 398873?
False
Is 17 a factor of 803573?
True
Is 707010 a multiple of 27?
False
Is 99 a factor of 1491831?
True
Does 101 divide 913116?
False
Does 101 divide 150170?
False
Does 13 divide 22386?
True
Is 19978 a multiple of 14?
True
Does 43 divide 525857?
False
Is 24890 a multiple of 33?
False
Is 17551868 a multiple of 1827?
False
Does 22 divide 255695?
False
Is 98494 a multiple of 74?
True
Is 2319805 a multiple of 68?
False
Is 1207128 a multiple of 212?
True
Is 47905 even?
False
Does 36 divide 160416?
True
Does 42 divide 487242?
True
Does 120 divide 381880?
False
Does 18 divide 5370891?
False
Is 10 a factor of 38350?
True
Does 9 divide 210611?
False
Is 46 a factor of 4162586?
True
Is 7417301 a multiple of 29?
True
Is 84854 a multiple of 38?
True
Does 71 divide 7190889?
False
Is 6774438 a multiple of 49?
False
